ne a(q).
5
Let z(u) = 2*u**3 + 0 + 116*u + 5*u**2 - 1 - 115*u - 4*u**2. What is z(2)?
21
Let c(d) = d**2 + 3*d - 7. Let l be c(-5). Let o(u) = 31 + 0*u**2 - 3*u + u**2 - 33. Determine o(l).
-2
Suppose -4 = -3*g - 10, -4*g = u + 61. Let y = 45 + u. Let v(l) = l**2 + 7*l + 1. Determine v(y).
9
Let i(g) = 3*g**3 - g**2 + g - 4. Let m(c) = -c**3 + 2*c**2 - c + 1. Let j(l) = i(l) + 2*m(l). Calculate j(-3).
1
Suppose -3*l - 11 = 2*v, -2*l = v + 2*l + 18. Let a(n) = 3*n + 2*n - 4*n**v + 714*n**3 - 715*n**3 + n**2. Determine a(-4).
-4
Let i(q) be the first derivative of q**5/120 - q**3 + 10. Let l(p) be the third derivative of i(p). Give l(2).
2
Let l(b) be the third derivative of b**4/6 + 7*b**3/6 - b**2. Let w(f) be the first derivative of -5*f**2/2 + 7. Let a be w(1). Give l(a).
-13
Suppose -z = -3, i + 19 = 2*i + 5*z. Let b(s) = s**3 - 4*s**2 + 5*s. Calculate b(i).
20
Let z be (-2)/3*(1 + -10). Let d(x) be the first derivative of -x**3/6 + 4*x**2 + 5*x + 16. Let u(f) be the first derivative of d(f). Give u(z).
2
Let f(o) = -6*o**2 - 74*o + 3*o**2 - 67*o + 16 + 4*o**2 + 149*o. Calculate f(-11).
49
Let v(j) = 11 - 183*j**2 + 7*j - 4 + 94*j**2 + 88*j**2. Calculate v(8).
-1
Suppose 8*p = 15*p - 14. Let o(b) = b**3 - 3*b + 3. Give o(p).
5
Let f(k) = -k**3 + 5*k**2 + 6*k - 6. Let w(v) = 5*v + 51. Let x be w(-9). Determine f(x).
-6
Let v = -45 + 47. Let h(i) = 241 - 3*i**v - 3*i + 2*i**2 - 240. Suppose 0*g = 3*g - 6. Calculate h(g).
-9
Let r(b) = 2*b + 6. Let v be r(-5). Let u(j) be the third derivative of j**6/120 + j**5/10 + j**4/4 + 2*j**3/3 - 245*j**2. Give u(v).
12
Let w(v) = 2*v - 7. Let a(n) = -15*n + 29. Let c(d) = 7*d - 15. Let p(g) = -6*a(g) - 13*c(g). Let y be p(14). What is w(y)?
7
Let b(y) be the second derivative of y**3 + y**2/2 - 7*y - 43. Determine b(7).
43
Suppose -5*z + 0*z = 3*s + 28, -4*s - 34 = 5*z. Let b = s - -20. Let k(u) = 8*u - 6 - 7*u + b. Determine k(-4).
4
Suppose -o - 2 = 4*h + 5, h - 22 = -5*o. Suppose -o*a = -0*a + 20. Let w(s) be the third derivative of s**5/60 + s**4/12 - s**3/2 + s**2. Calculate w(a).
5
Let y(x) = -x**2 - 7*x - 1. Let a be 1562/(-154) - (-3)/21. What is y(a)?
-31
Let j(m) = 10*m + 20. Let n(p) = 3*p + 6. Let w(g) = 7*j(g) - 25*n(g). Calculate w(6).
-40
Suppose -267*z + 81 = -276*z. Let x(h) = h**2 + 8*h - 3. Calculate x(z).
6
Let p be 8/(3/(21/14)) - -11. Let j(u) = u**2 - 14*u + 2. Calculate j(p).
17
Let d = 4 + -2. Let r(j) = -2*j - 63 - d*j + 60 + j**2. Determine r(6).
9
Let y(r) be the second derivative of 2*r + 1/12*r**4 + 1/2*r**2 + 2 + 2/3*r**3. What is y(-4)?
1
Let j(v) = -5*v - 1. Let i = 8 - 10. Let x be j(i). Let h = x + -6. Let y(z) = -5*z + 2. Give y(h).
-13
Let c(q) be the third derivative of 0*q + 0*q**4 + 0 + q**2 + 1/60*q**5 - q**3. Let w be (-4)/12*(1 - 1). Determine c(w).
-6
Let n = 15 + -13. Let h(x) = -27 + 4*x**n + 30 + 0*x - 3*x**2 - 5*x. What is h(3)?
-3
Let k(h) be the first derivative of h**4/4 + 10*h**3/3 + 5*h**2 + 5*h + 315. Give k(-9).
-4
Let r = -1 + 2. Let h(z) be the third derivative of z**5/4 - z**3/6 + 774*z**2. Determine h(r).
14
Let z(q) = -q**2 - 8*q. Let b = -6 - 2. Let i be z(b). Let p(a) = -2*a - 14. Let l(t) = -3*t - 15. Let r(k) = -3*l(k) + 4*p(k). Give r(i).
-11
Let l(a) be the second derivative of -a**3/6 + 5*a**2 - 2*a - 16. Let r be (-1)/(-2)*(-280)/(-4). Suppose 0*t - t = -5*q + 20, -4*t + r = 3*q. Determine l(t).
5
Let y(s) = 3*s + 2. Let o(w) = w + 1. Let j(f) = -5*o(f) + y(f). Let v(t) = -58*t - 410. Let i be v(-7). Calculate j(i).
5
Let y(p) be the second derivative of p**4/12 - 7*p**3/6 - 2*p**2 + 10*p + 1. Calculate y(6).
-10
Let a(d) = -8*d**3 - d. Let t = 11 + -10. Let i be a(t). Let p(f) = f**2 + 10*f + 9. Let j be p(i). Let x(b) = -b**2 - b - 4. Give x(j).
-4
Let d(y) be the second derivative of 5*y**3/6 - 43*y**2/2 - 29*y. Let a(x) = -x + 11. Let o(w) = 9*a(w) + 2*d(w). Calculate o(-8).
5
Let i(g) = g + 1. Suppose 5*q - 15 = -5. Suppose -q*c - 3*c = -20. Suppose r = c*v - 23, 0*v = -4*v - 2*r + 38. What is i(v)?
8
Let m(l) = 4*l**2 + 45*l - 8*l**2 + 1 - l**3 - 2 - 40*l + 4. Give m(-5).
3
Suppose -4*z - 16 = 0, 7 - 22 = -3*o - 3*z. Let u(b) = b - 5. Give u(o).
4
Suppose -2754*g = -2758*g - 32. Let s(x) = -x**3 - 8*x**2 - 2*x - 15. Give s(g).
1
Suppose 5*q - 31 = -11. Suppose 0 = 5*d + q + 1. Let t(y) = y. Let u(l) = -l**3 + l**2 - 5*l - 7. Let x(z) = d*u(z) - 5*t(z). What is x(0)?
7
Let c(q) = -q**3 + 4*q**2 + 7*q - 3. Let b be c(5). Let y(u) = -16*u + 7. Let t(i) = -91*i + 42. Let n(h) = -3*t(h) + 17*y(h). What is n(b)?
0
Let g = -13 - -7. Let r be g/7*(0 + -7). Suppose -j + r*j = c, 4*j - 3*c = 0. Let i(b) = -b - 1. Determine i(j).
-1
Let n(h) be the first derivative of h**2/2 - 19*h + 29. Let m = -67 + 76. Determine n(m).
-10
Let x(m) = 3*m + 1. Suppose 18*o - 10 - 8 = 0. What is x(o)?
4
Suppose -3*k + 4*a = -275, 2*k - 250 = -k - a. Let l = k + -78. Let z(d) = -d + 9. Calculate z(l).
2
Let k be (-6)/2*(-8)/6. Let m(b) = -3*b. Let v(c) = 13*c + 1. Let f(s) = -9*m(s) - 2*v(s). Give f(k).
2
Let a(m) = m**3 + 8*m**2 - 18*m + 30. Let x be a(-10). Let f(l) = -3*l + 31. Determine f(x).
1
Let m(u) = u + 2. Let g(c) = 21*c - 6. Let i(h) = -7*h + 2. Let b(y) = -2*g(y) - 7*i(y). Let n be b(-1). Let a be -1 - 4*n/(-12). Give m(a).
-2
Let j be -2 + -3 + (1 - -4). Let v(s) = s**2 - 4*s - 6. Let o be v(j). Let i(g) = -2*g - 8. Calculate i(o).
4
Let i(x) = -4*x**2 - 51*x + 57. Let q be i(-14). Let p(d) = -d**3 - 14*d**2 - 15*d - 21. Determine p(q).
5
Let j(h) = -h**3 + 7*h**2 - 8*h + 6. Let s be 34/(-10) + (-4)/(-10). Let y be s/(-6) - (-45)/10. Determine j(y).
16
Let c(m) = -92 + 3*m - 85 + 165 + m - 5*m. What is c(-16)?
4
Let f be ((-12)/30)/(2/10). Let t(w) = -w - 2. Give t(f).
0
Let v(a) = 10111*a**3 + 11*a**2 + 10107*a**3 - 20219*a**3 - 12 - 7*a. Determine v(10).
18
Let f(w) = -1 + 3*w**2 - 6*w**2 + 8*w + 0. Let j(k) = 4*k**2 - 9*k + 2. Let u(c) = -3*f(c) - 2*j(c). Let r be 128/22 - (-2)/11. Calculate u(r).
-1
Let u(w) = -w**2 + 5*w + 2. Suppose -4*i = -5*v + 29 + 7, 0 = 3*i + 12. Suppose -v*y = -y. Suppose -5*f + 4*p = -y*p - 22, 8 = f + p. What is u(f)?
-4
Let k(f) = -5*f**2 + 15*f - 23. Let u(b) = -3*b**2 + 9*b - 15. Let q(h) = 5*k(h) - 8*u(h). Give q(-2).
-5
Let q be ((-4)/((-60)/25) - 2)*-3. Let b(s) = -3*s - 2. Calculate b(q).
-5
Suppose 0 = -6*d + 8*d + 28. Let w = -9 - d. Let m(s) = s - 12 + s - 3*s + 19. What is m(w)?
2
Let b(x) = -x**3 + 8*x**2 + 8*x + 13. Suppose 2*c + 105 = -49. Let q = -68 - c. Determine b(q).
4
Let q(d) be the first derivative of d**4/4 - d**3 - 3*d**2 - 3*d - 2. Let t be (10/2 - -1) + -1. Calculate q(t).
17
Let j(u) = -23*u - 7. Suppose -2*n = 1 - 3. Let v(q) = -8*q + 0 + n + 9*q. Let a(z) = j(z) + 6*v(z). Determine a(-1).
16
Let l be (-8)/6*(-1)/(-2)*3. Let f(t) = -t**3 - t**2 + 2*t + 3. What is f(l)?
3
Suppose -3*z + 8 = 2*z + j, -2*z + 3*j + 10 = 0. Let b(f) = -2*f**3 - f**2. Calculate b(z).
-20
Suppose 0 = 4*l - 32 + 32. Suppose 8*q - 40 + 8 = l. Let g(i) = 2*i**2 - 5*i - 1. Give g(q).
11
Let o(q) = -3*q**2 + 2*q + 1. Let d(x) = -16*x**2 + 6*x + 8. Let s(c) = d(c) - 4*o(c). Calculate s(3).
-38
Let p(n) = n**3 + 7 - 3*n + 13 + 9 - 31 - 3*n**2. What is p(3)?
-11
Suppose 12 = 4*g - 4*n, 0*n = -4*g + 5*n + 11. Let j(w) = -2*w**2 + 5. Give j(g).
-27
Let h be (-6)/2 + (-90)/(-6). Let q be 2/h - 119/(-42). Let r(l) = 2*l**3 - 5*l**2 - 3*l**q + 8*l + 45 - 39. What is r(-6)?
-6
Let u(j) = j + 20. Let x be (-12)/(-9*6/(-90)). Give u(x).
0
Let i be 2 + (-117)/21 + (-84)/(-147). Let h(w) = -w - 4. Give h(i).
-1
Let s(o) = -4*o - 2. Let m(h) = -2*h - 1. Let b(y) = -10*y - 10. Let f be b(-4). Let r = -25 + f. Let z(q) = r*m(q) - 3*s(q). What is z(-1)?
-1
Let q(w) = 4*w**2 + 392*w + 29 - w**3 - 19 - 388*w. What is q(5)?
5
Let m(o) = -208 + 10*o + 407 - 198. Calculate m(-1).
-9
Let m(x) be the second derivative of -x**3/6 - 7*x**2/2 + x. Let u be 2/((-2)/(-1))*0. Calculate m(u).
-7
Let i(z) = -z**2 - 9*z + 5. Let u(j) = 2*j - 14. Let p be u(2). What is i(p)?
-5
Let v(t) = 5*t + 7. Let g(k) = 2*k + 2. Let m(a) = 11*g(a) - 4*v(a). Let q = 65 - 29. Let b = q - 30. Determine m(b).
6
Let z(k) = k**2 + 9*k + 1. Let c be z(-9). Let j(n) be the second derivative of -n**3/6 - n**2/2 + 2*n. What is j(c)?
-2
Let y(t) = 5*t - 3. Let r(c) =